{"id":50,"date":"2016-06-26T18:06:07","date_gmt":"2016-06-26T18:06:07","guid":{"rendered":"http:\/\/krahule.com\/?page_id=50"},"modified":"2024-01-14T14:48:23","modified_gmt":"2024-01-14T13:48:23","slug":"kontakt","status":"publish","type":"page","link":"https:\/\/krahule.com\/?page_id=50","title":{"rendered":"Kontakt"},"content":{"rendered":"<p>Pros\u00edm, p\u00ed\u0161te na email:\u00a0 vilatina201@gmail.com<\/p>\n<div>\u010c\u00edslo \u00fa\u010dtu: SK26 8360 5207 0042 0752 6702<\/div>\n<form id=\"sef-form\">\n      <p>Alternatively you can contact me at vi&#108;&#97;t&#105;n&#97;2&#48;&#49;&#64;&#103;&#109;ail.&#99;om.<\/p>\n    <div id=\"sef-message\"><\/div>\n  <div class=\"sef-form-group\">\n    <label for=\"sef-name\">Your Name<\/label>\n    <input type=\"text\" name=\"sef-name\" value=\"\" required \/>\n  <\/div>\n  <div class=\"sef-form-group\">\n    <label for=\"sef-email\">Your Email<\/label>\n    <input type=\"email\" name=\"sef-email\" value=\"\" required \/>\n  <\/div>\n  <div class=\"sef-form-group\">\n    <label for=\"sef-message\">Message<\/label>\n    <textarea name=\"sef-message\" required><\/textarea>\n  <\/div>\n      <div class=\"sef-form-group\">\n      <div class=\"g-recaptcha\" data-sitekey=\"6Le6xg0UAAAAANfV0MDDaO7UNtnL4Ma8hFSHOWcX\"><\/div>\n    <\/div>\n    <button type=\"submit\">Submit<\/button>\n<\/form>\n\n\n\n<p><\/p>\n","protected":false},"excerpt":{"rendered":"<p>Pros\u00edm, p\u00ed\u0161te na email:\u00a0 vilatina201@gmail.com \u010c\u00edslo \u00fa\u010dtu: SK26 8360 5207 0042 0752 6702<\/p>\n","protected":false},"author":1,"featured_media":0,"parent":0,"menu_order":0,"comment_status":"closed","ping_status":"closed","template":"","meta":{"footnotes":""},"class_list":["post-50","page","type-page","status-publish","hentry","post-preview"],"jetpack_sharing_enabled":true,"jetpack_shortlink":"https:\/\/wp.me\/P9kcSP-O","jetpack_likes_enabled":true,"jetpack-related-posts":[],"_links":{"self":[{"href":"https:\/\/krahule.com\/index.php?rest_route=\/wp\/v2\/pages\/50","targetHints":{"allow":["GET"]}}],"collection":[{"href":"https:\/\/krahule.com\/index.php?rest_route=\/wp\/v2\/pages"}],"about":[{"href":"https:\/\/krahule.com\/index.php?rest_route=\/wp\/v2\/types\/page"}],"author":[{"embeddable":true,"href":"https:\/\/krahule.com\/index.php?rest_route=\/wp\/v2\/users\/1"}],"replies":[{"embeddable":true,"href":"https:\/\/krahule.com\/index.php?rest_route=%2Fwp%2Fv2%2Fcomments&post=50"}],"version-history":[{"count":8,"href":"https:\/\/krahule.com\/index.php?rest_route=\/wp\/v2\/pages\/50\/revisions"}],"predecessor-version":[{"id":334,"href":"https:\/\/krahule.com\/index.php?rest_route=\/wp\/v2\/pages\/50\/revisions\/334"}],"wp:attachment":[{"href":"https:\/\/krahule.com\/index.php?rest_route=%2Fwp%2Fv2%2Fmedia&parent=50"}],"curies":[{"name":"wp","href":"https:\/\/api.w.org\/{rel}","templated":true}]}}